nder when 909 is divided by 6?
3
What is the remainder when 761 is divided by 17?
13
Calculate the remainder when 331 is divided by 116.
99
Calculate the remainder when 274 is divided by 70.
64
What is the remainder when 4998 is divided by 20?
18
Calculate the remainder when 969 is divided by 81.
78
What is the remainder when 2237 is divided by 3?
2
What is the remainder when 918 is divided by 77?
71
Calculate the remainder when 152 is divided by 27.
17
Calculate the remainder when 437 is divided by 44.
41
What is the remainder when 641 is divided by 20?
1
Calculate the remainder when 1677 is divided by 42.
39
Calculate the remainder when 848 is divided by 213.
209
Calculate the remainder when 76 is divided by 30.
16
Calculate the remainder when 138 is divided by 36.
30
Calculate the remainder when 269 is divided by 30.
29
Calculate the remainder when 6383 is divided by 62.
59
Calculate the remainder when 125 is divided by 23.
10
Calculate the remainder when 456 is divided by 78.
66
Calculate the remainder when 2690 is divided by 97.
71
What is the remainder when 4599 is divided by 115?
114
Calculate the remainder when 102 is divided by 96.
6
What is the remainder when 344 is divided by 69?
68
Calculate the remainder when 1784 is divided by 94.
92
Calculate the remainder when 1467 is divided by 204.
39
What is the remainder when 222 is divided by 56?
54
What is the remainder when 696 is divided by 25?
21
What is the remainder when 90 is divided by 67?
23
Calculate the remainder when 7081 is divided by 253.
250
What is the remainder when 98 is divided by 44?
10
Calculate the remainder when 2267 is divided by 84.
83
What is the remainder when 1692 is divided by 22?
20
What is the remainder when 256 is divided by 33?
25
Calculate the remainder when 223 is divided by 9.
7
Calculate the remainder when 473 is divided by 68.
65
What is the remainder when 609 is divided by 12?
9
Calculate the remainder when 22948 is divided by 150.
148
What is the remainder when 1699 is divided by 63?
61
What is the remainder when 218 is divided by 212?
6
What is the remainder when 461 is divided by 95?
81
Calculate the remainder when 2519 is divided by 35.
34
What is the remainder when 92 is divided by 25?
17
Calculate the remainder when 132 is divided by 25.
7
What is the remainder when 1373 is divided by 135?
23
Calculate the remainder when 69 is divided by 14.
13
What is the remainder when 208 is divided by 99?
10
What is the remainder when 4614 is divided by 57?
54
What is the remainder when 629 is divided by 35?
34
What is the remainder when 2672 is divided by 14?
12
Calculate the remainder when 55 is divided by 13.
3
Calculate the remainder when 16 is divided by 4.
0
What is the remainder when 429 is divided by 405?
24
Calculate the remainder when 2342 is divided by 62.
48
Calculate the remainder when 823 is divided by 36.
31
Calculate the remainder when 11227 is divided by 32.
27
What is the remainder when 768 is divided by 395?
373
What is the remainder when 357 is divided by 40?
37
Calculate the remainder when 1196 is divided by 172.
164
Calculate the remainder when 673 is divided by 27.
25
Calculate the remainder when 142 is divided by 32.
14
Calculate the remainder when 187 is divided by 38.
35
What is the remainder when 33987 is divided by 11327?
6
Calculate the remainder when 76 is divided by 20.
16
What is the remainder when 258 is divided by 30?
18
What is the remainder when 278 is divided by 129?
20
What is the remainder when 370 is divided by 103?
61
What is the remainder when 337 is divided by 48?
1
What is the remainder when 447 is divided by 197?
53
Calculate the remainder when 282 is divided by 15.
12
What is the remainder when 1130 is divided by 87?
86
Calculate the remainder when 227 is divided by 36.
11
What is the remainder when 3515 is divided by 350?
15
What is the remainder when 109 is divided by 14?
11
What is the remainder when 260 is divided by 27?
17
Calculate the remainder when 843 is divided by 9.
6
What is the remainder when 136 is divided by 35?
31
Calculate the remainder when 98 is divided by 27.
17
Calculate the remainder when 652 is divided by 144.
76
What is the remainder when 2051 is divided by 6?
5
What is the remainder when 3968 is divided by 172?
12
Calculate the remainder when 161 is divided by 49.
14
What is the remainder when 137 is divided by 92?
45
Calculate the remainder when 571 is divided by 96.
91
Calculate the remainder when 1133 is divided by 366.
35
What is the remainder when 103 is divided by 21?
19
What is the remainder when 252 is divided by 86?
80
Calculate the remainder when 139 is divided by 14.
13
What is the remainder when 148 is divided by 16?
4
What is the remainder when 124 is divided by 42?
40
Calculate the remainder when 1081 is divided by 96.
25
What is the remainder when 1116 is divided by 66?
60
Calculate the remainder when 6146 is divided by 75.
71
What is the remainder when 1372 is divided by 449?
25
Calculate the remainder when 649 is divided by 21.
19
What is the remainder when 55 is divided by 18?
1
What is the remainder when 557 is divided by 7?
4
What is the remainder when 339 is divided by 38?
35
What is the remainder when 894 is divided by 435?
24
What is the remainder when 591 is divided by 74?
73
Calculate the remainder when 429 is divided by 48.
45
Calculate the remainder when 33261 is divided by 29.
27
What is the remainder when 476 is divided by 9?
8
Calculate the remainder when 879 is divided by 11.
10
What is the remainder when 1658 is divided by 119?
111
Calculate the remainder when 279 is divided by 141.
138
Calculate the remainder when 534 is divided by 179.
176
Calculate the remainder when 40 is divided by 6.
4
What is the remainder when 181 is divided by 14?
13
Calculate the remainder when 64 is divided by 57.
7
Calculate the remainder when 2610 is divided by 650.
10
Calculate the remainder when 250 is divided by 15.
10
Calculate the remainder when 181 is divided by 80.
21
Calculate the remainder when 334 is divided by 68.
62
What is the remainder when 578 is divided by 547?
31
What is the remainder when 1090 is divided by 51?
19
Calculate the remainder when 482 is divided by 57.
26
What is the remainder when 209 is divided by 15?
14
Calculate the remainder when 45 is divided by 39.
6
Calculate the remainder when 249 is divided by 118.
13
Calculate the remainder when 292 is divided by 14.
12
Calculate the remainder when 90 is divided by 6.
0
What is the remainder when 5404 is divided by 78?
22
Calculate the remainder when 3549 is divided by 77.
7
What is the remainder when 21 is divided by 7?
0
Calculate the remainder when 5499 is divided by 131.
128
What is the remainder when 3362 is divided by 18?
14
What is the remainder when 1554 is divided by 12?
6
What is the remainder when 1252 is divided by 176?
20
Calculate the remainder when 205 is divided by 9.
7
Calculate the remainder when 503 is divided by 18.
17
Calculate the remainder when 6605 is divided by 56.
53
Calculate the remainder when 206 is divided by 195.
11
What is the remainder when 193 is divided by 13?
11
What is the remainder when 209 is divided by 13?
1
Calculate the remainder when 1894 is divided by 26.
22
What is the remainder when 58 is divided by 24?
10
What is the remainder when 292 is divided by 89?
25
What is the remainder when 312 is divided by 113?
86
Calculate the remainder when 10 is divided by 4.
2
What is the remainder when 646 is divided by 218?
210
What is the remainder when 5717 is divided by 52?
49
Calculate the remainder when 321 is divided by 125.
71
What is the remainder when 1270 is divided by 634?
2
Calculate the remainder when 15 is divided by 5.
0
What is the remainder when 328 is divided by 47?
46
Calculate the remainder when 90 is divided by 14.
6
What is the remainder when 519 is divided by 16?
7
Calculate the remainder when 253 is divided by 84.
1
What is the remainder when 12 is divided by 11?
1
What is the remainder when 5181 is divided by 81?
78
What is the remainder when 235 is divided by 37?
13
What is the remainder when 51525 is divided by 152?
149
What is the remainder when 48 is divided by 39?
9
Calculate the remainder when 4365 is divided by 291.
0
Calculate the remain